s 531832663 a composite number?
True
Is 917740631 composite?
True
Is 5670391 a prime number?
True
Is 10391105 a prime number?
False
Is 5050891 prime?
True
Is 21728794 a composite number?
True
Is 14699779 prime?
True
Is 11130527 a prime number?
False
Is 3696449 composite?
False
Is 13259377 a prime number?
True
Is 12455573 a prime number?
False
Is 60238901 prime?
True
Is 24948013 composite?
True
Is 4778179 a prime number?
False
Is 70079327 a prime number?
False
Is 640771 composite?
False
Is 97053751 a composite number?
False
Is 263930401 a prime number?
False
Is 1504562 a prime number?
False
Is 5071453 a composite number?
False
Is 27529543 a composite number?
False
Is 218453 prime?
True
Is 91884413 a prime number?
True
Is 55947527 prime?
False
Is 3120359 composite?
True
Is 20106589 a composite number?
False
Is 180657287 prime?
True
Is 10931945 composite?
True
Is 555221 a composite number?
False
Is 12221669 composite?
False
Is 52939069 composite?
True
Is 12484167 a prime number?
False
Is 77035411 prime?
True
Is 4034467 a composite number?
False
Is 44796403 a prime number?
False
Is 68650057 a composite number?
True
Is 572191 a prime number?
False
Is 2297731 composite?
False
Is 177811 a composite number?
False
Is 6066293 prime?
True
Is 83746303 prime?
False
Is 4086367 a composite number?
False
Is 322039 a prime number?
True
Is 3756209 a composite number?
False
Is 1049197 a composite number?
True
Is 168734213 a composite number?
False
Is 26904803 a composite number?
False
Is 59989 composite?
True
Is 1341359 prime?
True
Is 2201377 a prime number?
False
Is 2797933 a prime number?
False
Is 94463 a composite number?
False
Is 107511007 a prime number?
False
Is 15054017 prime?
False
Is 12791359 prime?
False
Is 1442143 a prime number?
True
Is 243114821 prime?
True
Is 383034695 a prime number?
False
Is 68682299 a prime number?
False
Is 9659483 a prime number?
True
Is 6551387 prime?
True
Is 15401273 prime?
True
Is 466162399 a composite number?
False
Is 3411923 a composite number?
False
Is 26291009 prime?
True
Is 153945943 a composite number?
False
Is 1260317 prime?
True
Is 4341923 a composite number?
False
Is 31419113 a composite number?
True
Is 3836477 composite?
True
Is 4695589 prime?
True
Is 8003683 prime?
False
Is 6898153 composite?
True
Is 25356841 prime?
True
Is 289042343 a prime number?
True
Is 4223501 prime?
True
Is 8080213 a prime number?
False
Is 3862219 composite?
False
Is 173747927 composite?
False
Is 7602997 a prime number?
True
Is 135497 a prime number?
True
Is 220580103 composite?
True
Is 6935233 prime?
True
Is 576619487 a prime number?
False
Is 6121 a prime number?
True
Is 7537421 prime?
True
Is 305441 prime?
True
Is 385379861 prime?
False
Is 21601471 a prime number?
True
Is 7041679 a prime number?
True
Is 12404741 a composite number?
True
Is 1048819 composite?
True
Is 12282923 prime?
False
Is 66112531 prime?
True
Is 594941 a prime number?
False
Is 3732863 prime?
False
Is 92098 prime?
False
Is 17323517 prime?
True
Is 84498913 a prime number?
False
Is 3906755 composite?
True
Is 49236791 a composite number?
False
Is 10076603 prime?
True
Is 18405977 prime?
True
Is 77399137 prime?
False
Is 15058181 prime?
False
Is 1254237229 prime?
False
Is 479272151 a prime number?
True
Is 22921859 composite?
False
Is 507853 composite?
True
Is 3997579 prime?
False
Is 12872831 prime?
True
Is 15718399 a composite number?
False
Is 2279009 a prime number?
True
Is 51048191 a composite number?
False
Is 2165467 prime?
True
Is 36872071 composite?
True
Is 1234147 a prime number?
True
Is 43655783 a prime number?
False
Is 3990241 a composite number?
False
Is 2553101 composite?
False
Is 38777413 prime?
False
Is 21164947 composite?
True
Is 121550047 composite?
False
Is 3438067 a composite number?
False
Is 392273627 a composite number?
False
Is 1935749 prime?
False
Is 59551549 a prime number?
True
Is 4099547 a composite number?
True
Is 17400329 composite?
False
Is 15541517 composite?
True
Is 162665439 prime?
False
Is 9754357 a prime number?
True
Is 5939051 a prime number?
True
Is 178149607 prime?
True
Is 553019 composite?
True
Is 10605517 composite?
True
Is 17438467 composite?
False
Is 10781357 prime?
True
Is 4645147 a composite number?
True
Is 236099 composite?
True
Is 14087555 a composite number?
True
Is 37623767 composite?
True
Is 792503 a prime number?
False
Is 21516029 prime?
True
Is 91993723 composite?
True
Is 17399027 a composite number?
True
Is 68457671 composite?
False
Is 4748351 a prime number?
True
Is 54529243 a composite number?
True
Is 1582504841 a composite number?
False
Is 15681833 a composite number?
True
Is 143630323 a composite number?
False
Is 195640955 a composite number?
True
Is 9632717 a composite number?
False
Is 15434849 prime?
True
Is 16528559 composite?
True
Is 20029001 composite?
True
Is 530501 prime?
True
Is 223207 composite?
False
Is 9493241 a composite number?
False
Is 4969567 composite?
False
Is 5122258 a prime number?
False
Is 60503291 a prime number?
False
Is 1920797 prime?
True
Is 3018029 a prime number?
False
Is 31597541 prime?
True
Is 37908161 composite?
False
Is 461199 prime?
False
Is 10057543 a prime number?
True
Is 315439543 a prime number?
True
Is 1736213 a prime number?
True
Is 269587 a prime number?
False
Is 8081923 a composite number?
True
Is 11137354 prime?
False
Is 129437657 composite?
False
Is 37306201 prime?
True
Is 4777613 a prime number?
False
Is 688906 a prime number?
False
Is 74045689 a prime number?
False
Is 39293809 a prime number?
True
Is 2947807 a composite number?
True
Is 31303 a prime number?
False
Is 2214073 prime?
True
Is 200337901 a composite number?
False
Is 10701961 a prime number?
True
Is 13248047 a prime number?
True
Is 26550187 a prime number?
True
Is 2808994 composite?
True
Is 207396503 composite?
True
Is 10765361 a prime number?
True
Is 127741369 a composite number?
True
Is 2798821 a composite number?
False
Is 72313151 a prime number?
True
Is 9409577 a prime number?
True
Is 1675255 a prime number?
False
Is 622667 prime?
False
Is 41086443 a prime number?
False
Is 14286577 prime?
True
Is 307419853 composite?
True
Is 1069421 a composite number?
False
Is 2974913 prime?
False
Is 1747363 a composite number?
False
Is 79380877 composite?
True
Is 173156911 composite?
True
Is 7805935 a prime number?
False
Is 449253019 composite?
False
Is 3739613 a prime number?
True
Is 80701657 a composite number?
False
Is 15004663 a prime number?
True
Is 41011999 prime?
False
Is 221597557 a prime number?
True
Is 610377483 prime?
False
Is 3396917 prime?
True
Is 39470089 prime?
True
Is 11535081 composite?
True
Is 66827269 prime?
False
Is 115951619 composite?
True
Is 152400161 a composite number?
True
Is 4717763 a prime number?
False
Is 2442689 composite?
True
Is 2212657 a prime number?
True
Is 52394005 composite?
True
Is 64705493 composite?
False
Is 9953809 composite?
False
Is 10711 a composite number?
False
Is 4826131 composite?
True
Is 35244803 a prime number?
False
Is 39856307 a prime number?
True
Is 272584943 composite?
False
Is 87129417 a composite number?
True
Is 416337827 a composite number?
False
Is 5540311 a composite number?
True
Is 8522399 prime?
False
Is 5651249 a composite number?
True
Is 1048996721 a composite number?
True
Is 917549 a composite number?
False
Is 8285657 prime?
True
Is 188107199 composite?
True
Is 47599147 prime?
True
Is 844957 prime?
True
Is 14298767 prime?
False
Is 53102897 a prime number?
True
Is 74321259 composite?
True
Is 368992427 prime?
False
Is 40999727 a composite number?
False
Is 30734863 composite?
False
Is 143053 prime?
True
Is 1444183 prime?
False
Is 87054043 a prime number?
False
Is 33659057 composite?
True
Is 123929401 composite?
False
Is 6133867 a prime number?
True
Is 3718349 a composite number?
False
Is 258217 composite?
True
Is 12455491 composite?
False
Is 43839457 a prime number?
True
Is 44997569 a prime number?
True
Is 272374997 a prime number?
True
Is 359533 prime?
False
Is 4912207 prime?
True
Is 3173407 a prime number?
False
Is 323865931 composite?
False
Is 48337 a prime number?
True
Is 169622317 a prime number?
True
Is 4822069 a composite number?
True
Is 11039557 a composite number?
False
Is 381953137 a composite number?
True
Is 3382291 a composite number?
True
Is 2364589 a compos